7. Let m be 2/(-8) + 13/4. Suppose m*f + t = 8*f. Calculate the greatest common divisor of 77 and f.
7
Let g be 52*9/2 - 0. Calculate the greatest common divisor of g and 18.
18
Let d(j) = -63*j + 525. Let q be d(8). What is the greatest common divisor of q and 24?
3
Suppose -413 = 8*k - 621. Suppose -q + 27 = -4*c, -4*q - 5*c + 184 = 13. What is the highest common divisor of k and q?
13
Let s = 276 - 230. What is the greatest common divisor of 230 and s?
46
Let r be (2 - 6)*-94 - -2. Suppose 8*u = 238 + r. Let h = 7 - 0. What is the highest common factor of u and h?
7
Suppose 11*g - 14*g + 30 = 0. Suppose -g*y + 80 = -250. Calculate the highest common divisor of 55 and y.
11
Suppose -3*r + 53 = -4. Let j = 2 + r. What is the highest common divisor of j and 168?
21
Suppose 15 + 7 = 2*y. Let o be 8/28 + 306/7. What is the greatest common factor of y and o?
11
Suppose 2*r = -2*r + 80. What is the highest common divisor of r and 36?
4
Let r(l) = -42*l + 205. Let k be r(3). Calculate the highest common factor of 869 and k.
79
Suppose 7*b - 33 = -12. What is the highest common divisor of b and 57?
3
Let u be -6 - -6 - 273/(-3). Suppose 3*s = u + 260. Let o = -33 - -46. Calculate the greatest common factor of o and s.
13
Suppose -5*u + 19 = j, 6 - 7 = u. What is the highest common factor of j and 408?
24
Let n(t) = -t**2 + 5*t + 55. Let u be n(10). Suppose 7 + 9 = 4*a. Suppose -a*b + b = -45. What is the greatest common factor of b and u?
5
Let l be ((-66)/(-12) - 6)*-44. Let a(m) = 3*m**2 + 2. Let d be (-12 - 0)*1/2. Let u be a(d). What is the greatest common factor of l and u?
22
Let i be 8 + 1760 + -3 + (0 - -3). Calculate the highest common divisor of i and 52.
52
Suppose -76 - 2300 = -33*f. What is the highest common divisor of 192 and f?
24
Let s = -1114 + 1169. What is the greatest common divisor of s and 33?
11
Let c = 2341 - 2321. What is the highest common factor of c and 14?
2
Let u be -6*(44/(-12) - 0). Let z = 2 - 20. Let i = z + u. What is the greatest common factor of 32 and i?
4
Let k(j) = -2*j - 12 + 0 + 8*j - 19*j**2 + 2*j**3 + 6*j. Let z be k(9). What is the greatest common divisor of 30 and z?
15
Let q(m) = m**3 + m**2 - m - 3. Let w be q(-3). Let n be (7/1)/(3/w). Let o = n - -62. What is the greatest common factor of 8 and o?
4
Let k = 20 + 9. Let h = 62 - k. Suppose 4*r + 2*r - 66 = 0. Calculate the greatest common divisor of r and h.
11
Suppose -560*w + 1900 = -541*w. What is the greatest common factor of 175 and w?
25
Suppose -20 = -5*d, -342 + 410 = 4*q + 2*d. Let h be (-65)/(-1) - 1/(-1). Let p = h - -99. Calculate the greatest common divisor of p and q.
15
Suppose 0 = 3*v - 340 - 416. Let z = v + -91. Calculate the greatest common factor of 23 and z.
23
Suppose 9*l = 4*l. Suppose l = 2*p + 2*w + 2, 4*w - 1 + 23 = 2*p. Suppose -p*n + 7*n = 28. Calculate the highest common divisor of n and 77.
7
Let g(i) = i**2 + 10*i + 13. Let p be g(-9). Suppose -42 = -p*s + 22. What is the greatest common factor of s and 32?
16
Let i = -15 + 30. Suppose 0 = -0*n - 5*n + 15. Suppose n*z = -2*z + 225. What is the greatest common factor of z and i?
15
Let r be (-3 + (-102)/(-14))*49. Let w(z) = -2*z + 12. Let o be w(-9). Calculate the highest common factor of o and r.
30
Let m = -53 - -146. Suppose -2*a + 155 = 49. Let w = m - a. What is the highest common divisor of w and 10?
10
Suppose -5*o - t + 561 = 0, 6*t = t + 5. Calculate the highest common divisor of o and 14.
14
Suppose 7*l = 3035 - 655. What is the greatest common divisor of l and 5?
5
Let u(f) = f**3 - 5*f**2 + 4*f + 5. Let d = 1 + 3. Let y be u(d). Let a be (8 + -14)/(4/(-30)). Calculate the highest common divisor of a and y.
5
Suppose 0*p + 16 = p + 3*l, 3*p - 3*l = 12. Suppose 2*h - 7 - 121 = 0. Let g be (-294)/56*h/(-6). What is the greatest common divisor of g and p?
7
Let x(p) = p**3 - 15*p**2 + 2*p + 12. Let l = 27 + -12. Let n be x(l). What is the highest common factor of n and 14?
14
Let r(d) = 5*d + 59. Let v be r(-10). Let z be (37 - 1 - 0)/1. What is the highest common divisor of z and v?
9
Let t = 27 + -51. Let a = 61 - t. Calculate the greatest common factor of a and 17.
17
Let x = 19 - -45. Let p(s) = -8*s - 56. Let o be p(-9). What is the greatest common factor of x and o?
16
Let h(v) = 5*v - 12. Suppose 4 + 11 = 3*b. Let t be h(b). Let s = 20 - t. What is the highest common divisor of 1 and s?
1
Let h(o) = o**2 + 15*o + 20. Let q be h(-15). Calculate the greatest common factor of 210 and q.
10
Suppose 42*s = 6185 + 3391. Calculate the greatest common divisor of s and 513.
57
Let i(p) = 33*p**2 - 4*p - 11. Let u be i(6). Suppose 3*o - 863 = -2*r, -5*o + o + u = 5*r. Let s = o - 144. Calculate the greatest common factor of 13 and s.
13
Let s(x) = 7*x - 2. Let h be s(1). Suppose 4*u + 2*k - 18 = -0*u, 3 = -2*u - h*k. What is the greatest common factor of u and 15?
3
Suppose -g = -4*r - 88, 3*g + 3*r = 101 + 103. What is the highest common divisor of 9 and g?
9
Let y be 350/5*(-3 - -6). What is the greatest common factor of y and 42?
42
Let w(y) = -38*y - 202. Let l be w(-7). What is the greatest common divisor of l and 12?
4
Let y = 46 + -45. Suppose -4*n + 2*n + 32 = -5*r, -n - 5*r + y = 0. Calculate the greatest common divisor of 187 and n.
11
Suppose 5*w = 2*m - 19, m - 14 = -3*m + 2*w. Suppose 0*l + l - m = 0. What is the greatest common factor of 3 and l?
1
Let c(z) = -z**3 + z**2 + 10*z + 60. Let a be c(-10). What is the highest common factor of 80 and a?
20
Let s = 61 + -40. Let u = 25 - 7. Let p = 60 - u. What is the greatest common divisor of p and s?
21
Suppose 263*q - 262*q - 88 = 0. What is the greatest common divisor of 286 and q?
22
Let j(b) = -b**3 - 25*b**2 + b + 43. Let n be j(-25). Calculate the highest common factor of 6 and n.
6
Let m = 20 + -20. Let y be (3 + m - (-4 - 7))/1. Calculate the greatest common factor of 7 and y.
7
Suppose 0 = -22*z + 201 + 305. Let n be (-2 - -101)/((-6)/(-4)). Suppose 3*a - 78 = -3*w, -3*a + w + n = -0*a. What is the greatest common factor of z and a?
23
Let i be (6/(-15) + (-2 - -2))*-200. Suppose 24*c - 26*c + i = 0. What is the greatest common divisor of 10 and c?
10
Let p(h) = 3*h**3 + 43*h**2 - 3*h - 69. Let b be p(-12). Calculate the greatest common factor of b and 39.
39
Let t(d) = d**2 - 2*d + 3. Let v = -33 + 26. Let u be t(v). What is the greatest common divisor of 6 and u?
6
Let c be 15*(-20)/(-50) + 115. Let r(z) = -z**2 + 7*z + 5. Let a be r(6). What is the greatest common divisor of c and a?
11
Let r = -19 - -44. Let y = -27 + 29. Let n(b) = b**3 + 2*b**2 - 5*b + 4. Let c be n(y). Calculate the greatest common divisor of r and c.
5
Let p = -87 + 221. Suppose -5*j + p + 16 = 0. Calculate the highest common divisor of j and 12.
6
Let d be -112*(1/(-3))/(22/33). What is the greatest common factor of d and 7?
7
Suppose 220 = -7*q + 11*q + i, 0 = 5*i. Suppose -111*d + 116*d = q. What is the greatest common factor of 22 and d?
11
Let w(k) = -k**2 + 10*k - 24. Let m be w(12). Let d = 165 + m. What is the greatest common divisor of d and 39?
39
Let n(s) = 5*s**2 + 3*s - 3. Let t be n(-3). Suppose 0*y + y - 375 = 3*f, 4*f - 1436 = -4*y. What is the highest common divisor of y and t?
33
Let v(u) = -u**3 - 4*u**2 - u + 10. Let q be v(-3). Suppose 35 = p + q*p. Let y be 84/30*(19 + 1). What is the highest common divisor of p and y?
7
Let f = 11 - -5. Let d(j) = j**3 + 7*j**2 - 58*j - 10. Let a be d(-11). Calculate the greatest common factor of a and f.
16
Let v(c) = c**3 - 7*c**2 - 8*c - 2. Let o be v(8). Let n be o*(4 - 87/6). What is the greatest common divisor of n and 84?
21
Suppose 2*x + 261 = 5*j, -4*j + 251 = 3*x + 56. Calculate the highest common divisor of 68 and j.
17
Suppose 0 = 12*u + 67 - 1027. Calculate the highest common factor of 240 and u.
80
Let g = 2222 - 1097. Suppose 0 = 7*r + 47 - g. What is the greatest common divisor of r and 14?
14
Suppose 55*z = 45*z + 750. Let w = -21 - -36. Calculate the highest common factor of w and z.
15
Let m be 3/(-12) + (-39)/52 - -61. What is the highest common divisor of 8 and m?
4
Let t be -5 - (-1 - (0 - 1)). Let r be 2/10 - 34/t. Suppose -z + f + 34 = 0, 4*z + 0*f - 138 = 2*f. What is the greatest common divisor of z and r?
7
Let s be 456/12 - (0 + -2).